{"id":4669,"date":"2022-06-29T09:49:11","date_gmt":"2022-06-29T16:49:11","guid":{"rendered":"https:\/\/inquirefirst.org\/montanasyselva\/proyectos\/huellas-del-petroleo\/?page_id=4669"},"modified":"2022-07-18T16:45:10","modified_gmt":"2022-07-18T23:45:10","slug":"vestigios-de-oleo","status":"publish","type":"page","link":"https:\/\/inquirefirst.org\/montanasyselva\/proyectos\/traces-of-oil\/pt\/","title":{"rendered":"Vest\u00edgios de \u00d3leo"},"content":{"rendered":"\n<div class=\"trigger-title\"><\/div>\n<div class=\"wrapper-title\">\n\n    <div class=\"bg\"><\/div>\n    <div class=\"fg\"><\/div>\n\n\n    <div class=\"text\">\n        <h1>Rastros do petr\u00f3leo<br>na Amaz\u00f4nia peruana<\/h1>\n        <p>Na d\u00e9cada de 1970, uma descoberta de petr\u00f3leo na regi\u00e3o de Loreto, no nordeste do Peru, foi anunciada como o caminho para o desenvolvimento. Meio s\u00e9culo depois, as comunidades da regi\u00e3o, a maioria ind\u00edgenas, carecem de \u00e1gua pot\u00e1vel, assist\u00eancia m\u00e9dica e escolas decentes e ficam com um legado de polui\u00e7\u00e3o. A quest\u00e3o agora \u00e9: Loreto \u00e9 capaz de planejar um futuro para al\u00e9m do petr\u00f3leo?<\/p>\n\n\n\n        <!--BYLINE-->\n        <div class=\"landing-byline-container\">\n\n\n            <p>Por <span class=\"fraser-tooltip-port\">Barbara Fraser<\/span>, <span class=\"marilez-tooltip-port\">Marilez\n                    Tello<\/span>\n                e <span class=\"leonardo-tooltip-port\">Leonardo Tello<\/span><\/p>\n\n        <\/div>\n        <!--END BYLINE-->\n\n        <p class=\"pub-date\">Publicado em 18 de julho de 2022<\/p>\n\n      <!--SHARE ICONS-->\n        <div id=\"share-wrapper-icons\">\n\n\n            <div class=\"container fb\">\n                <a\n                    href=\"https:\/\/www.facebook.com\/sharer\/sharer.php?u=https:\/\/inquirefirst.org\/montanasyselva\/proyectos\/traces-of-oil\/en\/a-legacy-of-broken-promises\/\"><span><i\n                            class=\"fab fa-facebook-f fa-lg\"><\/i><\/span><\/a>\n\n            <\/div>\n            <div class=\"container tw\">\n                <a\n                    href=\"https:\/\/twitter.com\/intent\/tweet?url=https:\/\/inquirefirst.org\/montanasyselva\/proyectos\/traces-of-oil\/en\/a-legacy-of-broken-promises\/\"><span><i\n                            class=\"fab fa-twitter fa-lg\"><\/i><\/span><\/a>\n            <\/div>\n\n        <\/div>\n        <!-- END SHARE ICONS-->\n\n\n    <\/div>\n\n    <!--arrow down-->\n    <a class=\"arrow bounce smooth-scroll\" href=\"#cards-scroll\"><i class=\"fa fa-angle-down fa-5x\" aria-hidden=\"true\"><\/i><\/a>\n    <!--END arrow down-->\n<\/div>\n\n<div class=\"landing-page-caption-fg\">\n    <figcaption>Em 1995, um derramamento de petr\u00f3leo no bloco ent\u00e3o conhecido como 1AB enegreceu o riacho chamado Piedra\n        Negra e fluiu ininterruptamente em dire\u00e7\u00e3o ao Rio Tigre. Foto: Thomas M\u00fcller<\/figcaption>\n<\/div>\n\n<div class=\"landing-page-caption-bg\">\n    <figcaption>C\u00e9sar Mozombite, da principal comunidade Kukama de Cuninico, no baixo Rio Mara\u00f1\u00f3n, diz que os\n        derramamentos de petr\u00f3leo trouxeram dificuldades econ\u00f4micas \u00e0s comunidades afetadas. Foto: Ginebra Pe\u00f1a\n    <\/figcaption>\n<\/div>\n\n\n\n\n<!--STORIES CARDS-->\n<div class=\"landing-page-container\" id=\"cards-scroll\">\n\n    <div class=\"card\">\n        <a href=\"https:\/\/inquirefirst.org\/montanasyselva\/proyectos\/traces-of-oil\/pt\/um-legado-de-promessas-quebradas\/\">\n            <div class=\"item\" style=\"background-image: url('https:\/\/inquirefirst.org\/montanasyselva\/proyectos\/traces-of-oil\/wp-content\/uploads\/card-2.jpg')\">\n            <div class=\"title\">\n                    <h4>Um legado de<br>promessas quebradas<\/h4>\n                    <button>Continue<\/button>\n                <\/div>\n            <\/div>\n        <\/a>\n    <\/div>\n\n    <div class=\"card\">\n        <a href=\"https:\/\/inquirefirst.org\/montanasyselva\/proyectos\/traces-of-oil\/pt\/cascata-de-consequencias\/\">\n            <div class=\"item\" style=\"background-image: url('https:\/\/inquirefirst.org\/montanasyselva\/proyectos\/traces-of-oil\/wp-content\/uploads\/card-1.jpg')\">\n\n                <div class=\"title\">\n                    <h4>Cascata<br>de consequ\u00eancias<\/h4>\n                    <button>Continue<\/button>\n                <\/div>\n            <\/div>\n        <\/a>\n    <\/div>\n\n    <div class=\"card\">\n        <a href=\"https:\/\/inquirefirst.org\/montanasyselva\/proyectos\/traces-of-oil\/pt\/um-futuro-sem-petroleo\/\">\n            <div class=\"item\" style=\"background-image: url('https:\/\/inquirefirst.org\/montanasyselva\/proyectos\/traces-of-oil\/wp-content\/uploads\/card-3.jpg')\">\n                <div class=\"title\">\n                    <h4> Loreto \u00e9 capaz de planejar um futuro sem petr\u00f3leo?<\/h4>\n                    <button>Continue<\/button>\n                <\/div>\n            <\/div>\n        <\/a>\n    <\/div>\n\n<\/div>\n<!--END STORIES CARDS-->\n","protected":false},"excerpt":{"rendered":"<p>Rastros do petr\u00f3leona Amaz\u00f4nia peruana Na d\u00e9cada de 1970, uma descoberta de petr\u00f3leo na regi\u00e3o de Loreto, no nordeste do Peru, foi anunciada como o caminho para o desenvolvimento. Meio s\u00e9culo depois, as comunidades da regi\u00e3o, a maioria ind\u00edgenas, carecem de \u00e1gua pot\u00e1vel, assist\u00eancia m\u00e9dica e escolas decentes e ficam com um legado de polui\u00e7\u00e3o. &#8230; <a title=\"Vest\u00edgios de \u00d3leo\" class=\"read-more\" href=\"https:\/\/inquirefirst.org\/montanasyselva\/proyectos\/traces-of-oil\/pt\/\" aria-label=\"Read more about Vest\u00edgios de \u00d3leo\">Read more<\/a><\/p>\n","protected":false},"author":1,"featured_media":0,"parent":0,"menu_order":0,"comment_status":"closed","ping_status":"closed","template":"","meta":{"footnotes":""},"class_list":["post-4669","page","type-page","status-publish"],"yoast_head":"<!-- This site is optimized with the Yoast SEO plugin v27.3 - https:\/\/yoast.com\/product\/yoast-seo-wordpress\/ -->\n<title>Vest\u00edgios de \u00d3leo - Traces of oil in the peruvian amazon<\/title>\n<meta name=\"robots\" content=\"index, follow, max-snippet:-1, max-image-preview:large, max-video-preview:-1\" \/>\n<link rel=\"canonical\" href=\"https:\/\/inquirefirst.org\/montanasyselva\/proyectos\/traces-of-oil\/pt\/\" \/>\n<meta property=\"og:locale\" content=\"en_US\" \/>\n<meta property=\"og:type\" content=\"article\" \/>\n<meta property=\"og:title\" content=\"Rastros do petr\u00f3leo na Amaz\u00f4nia peruana\" \/>\n<meta property=\"og:description\" content=\"Na d\u00e9cada de 1970, uma descoberta de petr\u00f3leo na regi\u00e3o de Loreto, no nordeste do Peru, foi anunciada como o caminho para o desenvolvimento. Meio s\u00e9culo depois, as comunidades da regi\u00e3o, a maioria ind\u00edgenas, carecem de \u00e1gua pot\u00e1vel, assist\u00eancia m\u00e9dica e escolas decentes e ficam com um legado de polui\u00e7\u00e3o. A quest\u00e3o agora \u00e9: Loreto \u00e9 capaz de planejar um futuro para al\u00e9m do petr\u00f3leo?\" \/>\n<meta property=\"og:url\" content=\"https:\/\/inquirefirst.org\/montanasyselva\/proyectos\/traces-of-oil\/pt\/\" \/>\n<meta property=\"og:site_name\" content=\"Traces of oil in the peruvian amazon\" \/>\n<meta property=\"article:modified_time\" content=\"2022-07-18T23:45:10+00:00\" \/>\n<meta property=\"og:image\" content=\"https:\/\/inquirefirst.org\/montanasyselva\/proyectos\/traces-of-oil\/wp-content\/uploads\/Stream-of-oil-flowing-into-Tigre-river-1995.jpg\" \/>\n\t<meta property=\"og:image:width\" content=\"1500\" \/>\n\t<meta property=\"og:image:height\" content=\"900\" \/>\n\t<meta property=\"og:image:type\" content=\"image\/jpeg\" \/>\n<meta name=\"twitter:card\" content=\"summary_large_image\" \/>\n<meta name=\"twitter:title\" content=\"Rastros do petr\u00f3leo na Amaz\u00f4nia peruana\" \/>\n<meta name=\"twitter:description\" content=\"Na d\u00e9cada de 1970, uma descoberta de petr\u00f3leo na regi\u00e3o de Loreto, no nordeste do Peru, foi anunciada como o caminho para o desenvolvimento. Meio s\u00e9culo depois, as comunidades da regi\u00e3o, a maioria ind\u00edgenas, carecem de \u00e1gua pot\u00e1vel, assist\u00eancia m\u00e9dica e escolas decentes e ficam com um legado de polui\u00e7\u00e3o. A quest\u00e3o agora \u00e9: Loreto \u00e9 capaz de planejar um futuro para al\u00e9m do petr\u00f3leo?\" \/>\n<meta name=\"twitter:image\" content=\"https:\/\/inquirefirst.org\/montanasyselva\/proyectos\/traces-of-oil\/wp-content\/uploads\/Stream-of-oil-flowing-into-Tigre-river-1995.jpg\" \/>\n<meta name=\"twitter:label1\" content=\"Est. reading time\" \/>\n\t<meta name=\"twitter:data1\" content=\"1 minute\" \/>\n<script type=\"application\/ld+json\" class=\"yoast-schema-graph\">{\"@context\":\"https:\\\/\\\/schema.org\",\"@graph\":[{\"@type\":\"WebPage\",\"@id\":\"https:\\\/\\\/inquirefirst.org\\\/montanasyselva\\\/proyectos\\\/traces-of-oil\\\/pt\\\/\",\"url\":\"https:\\\/\\\/inquirefirst.org\\\/montanasyselva\\\/proyectos\\\/traces-of-oil\\\/pt\\\/\",\"name\":\"Vest\u00edgios de \u00d3leo - Traces of oil in the peruvian amazon\",\"isPartOf\":{\"@id\":\"https:\\\/\\\/inquirefirst.org\\\/montanasyselva\\\/proyectos\\\/traces-of-oil\\\/#website\"},\"datePublished\":\"2022-06-29T16:49:11+00:00\",\"dateModified\":\"2022-07-18T23:45:10+00:00\",\"breadcrumb\":{\"@id\":\"https:\\\/\\\/inquirefirst.org\\\/montanasyselva\\\/proyectos\\\/traces-of-oil\\\/pt\\\/#breadcrumb\"},\"inLanguage\":\"en-US\",\"potentialAction\":[{\"@type\":\"ReadAction\",\"target\":[\"https:\\\/\\\/inquirefirst.org\\\/montanasyselva\\\/proyectos\\\/traces-of-oil\\\/pt\\\/\"]}]},{\"@type\":\"BreadcrumbList\",\"@id\":\"https:\\\/\\\/inquirefirst.org\\\/montanasyselva\\\/proyectos\\\/traces-of-oil\\\/pt\\\/#breadcrumb\",\"itemListElement\":[{\"@type\":\"ListItem\",\"position\":1,\"name\":\"Traces of Oil\",\"item\":\"https:\\\/\\\/inquirefirst.org\\\/montanasyselva\\\/proyectos\\\/traces-of-oil\\\/en\\\/\"},{\"@type\":\"ListItem\",\"position\":2,\"name\":\"Vest\u00edgios de \u00d3leo\"}]},{\"@type\":\"WebSite\",\"@id\":\"https:\\\/\\\/inquirefirst.org\\\/montanasyselva\\\/proyectos\\\/traces-of-oil\\\/#website\",\"url\":\"https:\\\/\\\/inquirefirst.org\\\/montanasyselva\\\/proyectos\\\/traces-of-oil\\\/\",\"name\":\"Traces of oil in the peruvian amazon\",\"description\":\"\",\"publisher\":{\"@id\":\"https:\\\/\\\/inquirefirst.org\\\/montanasyselva\\\/proyectos\\\/traces-of-oil\\\/#organization\"},\"potentialAction\":[{\"@type\":\"SearchAction\",\"target\":{\"@type\":\"EntryPoint\",\"urlTemplate\":\"https:\\\/\\\/inquirefirst.org\\\/montanasyselva\\\/proyectos\\\/traces-of-oil\\\/?s={search_term_string}\"},\"query-input\":{\"@type\":\"PropertyValueSpecification\",\"valueRequired\":true,\"valueName\":\"search_term_string\"}}],\"inLanguage\":\"en-US\"},{\"@type\":\"Organization\",\"@id\":\"https:\\\/\\\/inquirefirst.org\\\/montanasyselva\\\/proyectos\\\/traces-of-oil\\\/#organization\",\"name\":\"Traces of oil in the peruvian amazon\",\"url\":\"https:\\\/\\\/inquirefirst.org\\\/montanasyselva\\\/proyectos\\\/traces-of-oil\\\/\",\"logo\":{\"@type\":\"ImageObject\",\"inLanguage\":\"en-US\",\"@id\":\"https:\\\/\\\/inquirefirst.org\\\/montanasyselva\\\/proyectos\\\/traces-of-oil\\\/#\\\/schema\\\/logo\\\/image\\\/\",\"url\":\"https:\\\/\\\/inquirefirst.org\\\/montanasyselva\\\/proyectos\\\/traces-of-oil\\\/wp-content\\\/uploads\\\/Montanas-y-Selva-tagline.png\",\"contentUrl\":\"https:\\\/\\\/inquirefirst.org\\\/montanasyselva\\\/proyectos\\\/traces-of-oil\\\/wp-content\\\/uploads\\\/Montanas-y-Selva-tagline.png\",\"width\":900,\"height\":302,\"caption\":\"Traces of oil in the peruvian amazon\"},\"image\":{\"@id\":\"https:\\\/\\\/inquirefirst.org\\\/montanasyselva\\\/proyectos\\\/traces-of-oil\\\/#\\\/schema\\\/logo\\\/image\\\/\"}}]}<\/script>\n<!-- \/ Yoast SEO plugin. -->","yoast_head_json":{"title":"Vest\u00edgios de \u00d3leo - Traces of oil in the peruvian amazon","robots":{"index":"index","follow":"follow","max-snippet":"max-snippet:-1","max-image-preview":"max-image-preview:large","max-video-preview":"max-video-preview:-1"},"canonical":"https:\/\/inquirefirst.org\/montanasyselva\/proyectos\/traces-of-oil\/pt\/","og_locale":"en_US","og_type":"article","og_title":"Rastros do petr\u00f3leo na Amaz\u00f4nia peruana","og_description":"Na d\u00e9cada de 1970, uma descoberta de petr\u00f3leo na regi\u00e3o de Loreto, no nordeste do Peru, foi anunciada como o caminho para o desenvolvimento. Meio s\u00e9culo depois, as comunidades da regi\u00e3o, a maioria ind\u00edgenas, carecem de \u00e1gua pot\u00e1vel, assist\u00eancia m\u00e9dica e escolas decentes e ficam com um legado de polui\u00e7\u00e3o. A quest\u00e3o agora \u00e9: Loreto \u00e9 capaz de planejar um futuro para al\u00e9m do petr\u00f3leo?","og_url":"https:\/\/inquirefirst.org\/montanasyselva\/proyectos\/traces-of-oil\/pt\/","og_site_name":"Traces of oil in the peruvian amazon","article_modified_time":"2022-07-18T23:45:10+00:00","og_image":[{"width":1500,"height":900,"url":"https:\/\/inquirefirst.org\/montanasyselva\/proyectos\/traces-of-oil\/wp-content\/uploads\/Stream-of-oil-flowing-into-Tigre-river-1995.jpg","type":"image\/jpeg"}],"twitter_card":"summary_large_image","twitter_title":"Rastros do petr\u00f3leo na Amaz\u00f4nia peruana","twitter_description":"Na d\u00e9cada de 1970, uma descoberta de petr\u00f3leo na regi\u00e3o de Loreto, no nordeste do Peru, foi anunciada como o caminho para o desenvolvimento. Meio s\u00e9culo depois, as comunidades da regi\u00e3o, a maioria ind\u00edgenas, carecem de \u00e1gua pot\u00e1vel, assist\u00eancia m\u00e9dica e escolas decentes e ficam com um legado de polui\u00e7\u00e3o. A quest\u00e3o agora \u00e9: Loreto \u00e9 capaz de planejar um futuro para al\u00e9m do petr\u00f3leo?","twitter_image":"https:\/\/inquirefirst.org\/montanasyselva\/proyectos\/traces-of-oil\/wp-content\/uploads\/Stream-of-oil-flowing-into-Tigre-river-1995.jpg","twitter_misc":{"Est. reading time":"1 minute"},"schema":{"@context":"https:\/\/schema.org","@graph":[{"@type":"WebPage","@id":"https:\/\/inquirefirst.org\/montanasyselva\/proyectos\/traces-of-oil\/pt\/","url":"https:\/\/inquirefirst.org\/montanasyselva\/proyectos\/traces-of-oil\/pt\/","name":"Vest\u00edgios de \u00d3leo - Traces of oil in the peruvian amazon","isPartOf":{"@id":"https:\/\/inquirefirst.org\/montanasyselva\/proyectos\/traces-of-oil\/#website"},"datePublished":"2022-06-29T16:49:11+00:00","dateModified":"2022-07-18T23:45:10+00:00","breadcrumb":{"@id":"https:\/\/inquirefirst.org\/montanasyselva\/proyectos\/traces-of-oil\/pt\/#breadcrumb"},"inLanguage":"en-US","potentialAction":[{"@type":"ReadAction","target":["https:\/\/inquirefirst.org\/montanasyselva\/proyectos\/traces-of-oil\/pt\/"]}]},{"@type":"BreadcrumbList","@id":"https:\/\/inquirefirst.org\/montanasyselva\/proyectos\/traces-of-oil\/pt\/#breadcrumb","itemListElement":[{"@type":"ListItem","position":1,"name":"Traces of Oil","item":"https:\/\/inquirefirst.org\/montanasyselva\/proyectos\/traces-of-oil\/en\/"},{"@type":"ListItem","position":2,"name":"Vest\u00edgios de \u00d3leo"}]},{"@type":"WebSite","@id":"https:\/\/inquirefirst.org\/montanasyselva\/proyectos\/traces-of-oil\/#website","url":"https:\/\/inquirefirst.org\/montanasyselva\/proyectos\/traces-of-oil\/","name":"Traces of oil in the peruvian amazon","description":"","publisher":{"@id":"https:\/\/inquirefirst.org\/montanasyselva\/proyectos\/traces-of-oil\/#organization"},"potentialAction":[{"@type":"SearchAction","target":{"@type":"EntryPoint","urlTemplate":"https:\/\/inquirefirst.org\/montanasyselva\/proyectos\/traces-of-oil\/?s={search_term_string}"},"query-input":{"@type":"PropertyValueSpecification","valueRequired":true,"valueName":"search_term_string"}}],"inLanguage":"en-US"},{"@type":"Organization","@id":"https:\/\/inquirefirst.org\/montanasyselva\/proyectos\/traces-of-oil\/#organization","name":"Traces of oil in the peruvian amazon","url":"https:\/\/inquirefirst.org\/montanasyselva\/proyectos\/traces-of-oil\/","logo":{"@type":"ImageObject","inLanguage":"en-US","@id":"https:\/\/inquirefirst.org\/montanasyselva\/proyectos\/traces-of-oil\/#\/schema\/logo\/image\/","url":"https:\/\/inquirefirst.org\/montanasyselva\/proyectos\/traces-of-oil\/wp-content\/uploads\/Montanas-y-Selva-tagline.png","contentUrl":"https:\/\/inquirefirst.org\/montanasyselva\/proyectos\/traces-of-oil\/wp-content\/uploads\/Montanas-y-Selva-tagline.png","width":900,"height":302,"caption":"Traces of oil in the peruvian amazon"},"image":{"@id":"https:\/\/inquirefirst.org\/montanasyselva\/proyectos\/traces-of-oil\/#\/schema\/logo\/image\/"}}]}},"_links":{"self":[{"href":"https:\/\/inquirefirst.org\/montanasyselva\/proyectos\/traces-of-oil\/wp-json\/wp\/v2\/pages\/4669","targetHints":{"allow":["GET"]}}],"collection":[{"href":"https:\/\/inquirefirst.org\/montanasyselva\/proyectos\/traces-of-oil\/wp-json\/wp\/v2\/pages"}],"about":[{"href":"https:\/\/inquirefirst.org\/montanasyselva\/proyectos\/traces-of-oil\/wp-json\/wp\/v2\/types\/page"}],"author":[{"embeddable":true,"href":"https:\/\/inquirefirst.org\/montanasyselva\/proyectos\/traces-of-oil\/wp-json\/wp\/v2\/users\/1"}],"replies":[{"embeddable":true,"href":"https:\/\/inquirefirst.org\/montanasyselva\/proyectos\/traces-of-oil\/wp-json\/wp\/v2\/comments?post=4669"}],"version-history":[{"count":0,"href":"https:\/\/inquirefirst.org\/montanasyselva\/proyectos\/traces-of-oil\/wp-json\/wp\/v2\/pages\/4669\/revisions"}],"wp:attachment":[{"href":"https:\/\/inquirefirst.org\/montanasyselva\/proyectos\/traces-of-oil\/wp-json\/wp\/v2\/media?parent=4669"}],"curies":[{"name":"wp","href":"https:\/\/api.w.org\/{rel}","templated":true}]}}