{"id":4668,"date":"2022-06-29T09:47:24","date_gmt":"2022-06-29T16:47:24","guid":{"rendered":"https:\/\/inquirefirst.org\/montanasyselva\/proyectos\/huellas-del-petroleo\/?page_id=4668"},"modified":"2022-07-18T16:44:36","modified_gmt":"2022-07-18T23:44:36","slug":"huellas-del-petroleo","status":"publish","type":"page","link":"https:\/\/inquirefirst.org\/montanasyselva\/proyectos\/traces-of-oil\/es\/","title":{"rendered":"Huellas del Petr\u00f3leo"},"content":{"rendered":"\n<div class=\"trigger-title\"><\/div>\n<div class=\"wrapper-title\">\n\n    <div class=\"bg\"><\/div>\n    <div class=\"fg\"><\/div>\n\n    <div class=\"text\">\n        <h1>Huellas del Petr\u00f3leo<br>en la Amazon\u00eda Peruana<\/h1>\n        <p>En la d\u00e9cada de los 70, el auge del petr\u00f3leo en la regi\u00f3n de Loreto, al noreste de Per\u00fa, fue anunciado como el camino hacia el desarrollo. Medio siglo despu\u00e9s, las comunidades de la zona, en su mayor\u00eda ind\u00edgenas, carecen de agua potable, atenci\u00f3n sanitaria y escuelas decentes, y tienen un legado de contaminaci\u00f3n. La pregunta ahora es: \u00bfPuede Loreto planificar un futuro m\u00e1s all\u00e1 del petr\u00f3leo?<\/p>\n\n\n\n\n        <!--BYLINE-->\n        <div class=\"landing-byline-container\">\n\n\n            <p>Por <span class=\"fraser-tooltip-spa\">Barbara Fraser<\/span>, <span class=\"marilez-tooltip-spa\">Marilez\n                    Tello<\/span>\n               y <span class=\"leonardo-tooltip-spa\">Leonardo Tello<\/span><\/p>\n\n        <\/div>\n        <!--END BYLINE-->\n\n\n        <p class=\"pub-date\">Publicado el 18 de julio de 2022<\/p>\n\n      <!--SHARE ICONS-->\n        <div id=\"share-wrapper-icons\">\n\n\n            <div class=\"container fb\">\n                <a\n                    href=\"https:\/\/www.facebook.com\/sharer\/sharer.php?u=https:\/\/inquirefirst.org\/montanasyselva\/proyectos\/traces-of-oil\/en\/a-legacy-of-broken-promises\/\"><span><i\n                            class=\"fab fa-facebook-f fa-lg\"><\/i><\/span><\/a>\n\n            <\/div>\n            <div class=\"container tw\">\n                <a\n                    href=\"https:\/\/twitter.com\/intent\/tweet?url=https:\/\/inquirefirst.org\/montanasyselva\/proyectos\/traces-of-oil\/en\/a-legacy-of-broken-promises\/\"><span><i\n                            class=\"fab fa-twitter fa-lg\"><\/i><\/span><\/a>\n            <\/div>\n\n        <\/div>\n        <!-- END SHARE ICONS-->\n\n    <\/div>\n\n    <!--arrow down-->\n    <a class=\"arrow bounce smooth-scroll\" href=\"#cards-scroll\"><i class=\"fa fa-angle-down fa-5x\" aria-hidden=\"true\"><\/i><\/a>\n    <!--END arrow down-->\n<\/div>\n\n<div class=\"landing-page-caption-fg\">\n    <figcaption>La industria petrolera ha dejado un legado de derrames de petr\u00f3leo y deforestaci\u00f3n en el campo petrolero\n        amaz\u00f3nico conocido como Lote 192 en la regi\u00f3n peruana de Loreto. Photo: Thomas M\u00fcller<\/figcaption>\n<\/div>\n\n<div class=\"landing-page-caption-bg\">\n    <figcaption>C\u00e9sar Mozombite, de la comunidad kukama de Cuninico, situada en la parte baja del r\u00edo Mara\u00f1\u00f3n, afirma\n        que los derrames de petr\u00f3leo han provocado dificultades econ\u00f3micas en las comunidades afectadas. Photo: Ginebra\n        Pe\u00f1a\n    <\/figcaption>\n<\/div>\n\n\n<!--STORIES CARDS-->\n<div class=\"landing-page-container\" id=\"cards-scroll\">\n\n    <div class=\"card\">\n        <a href=\"https:\/\/inquirefirst.org\/montanasyselva\/proyectos\/traces-of-oil\/es\/un-legado-de-promesas-rotas\/\">\n            <div class=\"item\" style=\"background-image: url('https:\/\/inquirefirst.org\/montanasyselva\/proyectos\/traces-of-oil\/wp-content\/uploads\/card-2.jpg')\">\n            <div class=\"title\">\n                    <h4>Un legado de<br>promesas rotas<\/h4>\n                    <button>Continuar<\/button>\n                <\/div>\n            <\/div>\n        <\/a>\n    <\/div>\n\n    <div class=\"card\">\n        <a href=\"https:\/\/inquirefirst.org\/montanasyselva\/proyectos\/traces-of-oil\/es\/cascada-de-consecuencias\/\">\n            <div class=\"item\" style=\"background-image: url('https:\/\/inquirefirst.org\/montanasyselva\/proyectos\/traces-of-oil\/wp-content\/uploads\/card-1.jpg')\">\n\n                <div class=\"title\">\n                    <h4>Cascada de<br>consecuencias<\/h4>\n                    <button>Continuar<\/button>\n                <\/div>\n            <\/div>\n        <\/a>\n    <\/div>\n\n    <div class=\"card\">\n        <a href=\"https:\/\/inquirefirst.org\/montanasyselva\/proyectos\/traces-of-oil\/es\/un-futuro-sin-petroleo\/\">\n            <div class=\"item\" style=\"background-image: url('https:\/\/inquirefirst.org\/montanasyselva\/proyectos\/traces-of-oil\/wp-content\/uploads\/card-3.jpg')\">\n                <div class=\"title\">\n                    <h4>\u00bfPuede Loreto tener Un futuro sin petr\u00f3leo?<\/h4>\n                    <button>Continuar<\/button>\n                <\/div>\n            <\/div>\n        <\/a>\n    <\/div>\n\n<\/div>\n<!--END STORIES CARDS-->\n","protected":false},"excerpt":{"rendered":"<p>Huellas del Petr\u00f3leoen la Amazon\u00eda Peruana En la d\u00e9cada de los 70, el auge del petr\u00f3leo en la regi\u00f3n de Loreto, al noreste de Per\u00fa, fue anunciado como el camino hacia el desarrollo. Medio siglo despu\u00e9s, las comunidades de la zona, en su mayor\u00eda ind\u00edgenas, carecen de agua potable, atenci\u00f3n sanitaria y escuelas decentes, y &#8230; <a title=\"Huellas del Petr\u00f3leo\" class=\"read-more\" href=\"https:\/\/inquirefirst.org\/montanasyselva\/proyectos\/traces-of-oil\/es\/\" aria-label=\"Read more about Huellas del Petr\u00f3leo\">Read more<\/a><\/p>\n","protected":false},"author":1,"featured_media":0,"parent":0,"menu_order":0,"comment_status":"closed","ping_status":"closed","template":"","meta":{"footnotes":""},"class_list":["post-4668","page","type-page","status-publish"],"yoast_head":"<!-- This site is optimized with the Yoast SEO plugin v27.3 - https:\/\/yoast.com\/product\/yoast-seo-wordpress\/ -->\n<title>Huellas del Petr\u00f3leo - Traces of oil in the peruvian amazon<\/title>\n<meta name=\"robots\" content=\"index, follow, max-snippet:-1, max-image-preview:large, max-video-preview:-1\" \/>\n<link rel=\"canonical\" href=\"https:\/\/inquirefirst.org\/montanasyselva\/proyectos\/traces-of-oil\/es\/\" \/>\n<meta property=\"og:locale\" content=\"en_US\" \/>\n<meta property=\"og:type\" content=\"article\" \/>\n<meta property=\"og:title\" content=\"Huellas del Petr\u00f3leo en la Amazon\u00eda Peruana\" \/>\n<meta property=\"og:description\" content=\"En la d\u00e9cada de los 70, el auge del petr\u00f3leo en la regi\u00f3n de Loreto, al noreste de Per\u00fa, fue anunciado como el camino hacia el desarrollo. Medio siglo despu\u00e9s, las comunidades de la zona, en su mayor\u00eda ind\u00edgenas, carecen de agua potable, atenci\u00f3n sanitaria y escuelas decentes, y tienen un legado de contaminaci\u00f3n. La pregunta ahora es: \u00bfPuede Loreto planificar un futuro m\u00e1s all\u00e1 del petr\u00f3leo?\" \/>\n<meta property=\"og:url\" content=\"https:\/\/inquirefirst.org\/montanasyselva\/proyectos\/traces-of-oil\/es\/\" \/>\n<meta property=\"og:site_name\" content=\"Traces of oil in the peruvian amazon\" \/>\n<meta property=\"article:modified_time\" content=\"2022-07-18T23:44:36+00:00\" \/>\n<meta property=\"og:image\" content=\"https:\/\/inquirefirst.org\/montanasyselva\/proyectos\/traces-of-oil\/wp-content\/uploads\/Stream-of-oil-flowing-into-Tigre-river-1995.jpg\" \/>\n\t<meta property=\"og:image:width\" content=\"1500\" \/>\n\t<meta property=\"og:image:height\" content=\"900\" \/>\n\t<meta property=\"og:image:type\" content=\"image\/jpeg\" \/>\n<meta name=\"twitter:card\" content=\"summary_large_image\" \/>\n<meta name=\"twitter:title\" content=\"Huellas del Petr\u00f3leo en la Amazon\u00eda Peruana\" \/>\n<meta name=\"twitter:description\" content=\"En la d\u00e9cada de los 70, el auge del petr\u00f3leo en la regi\u00f3n de Loreto, al noreste de Per\u00fa, fue anunciado como el camino hacia el desarrollo. Medio siglo despu\u00e9s, las comunidades de la zona, en su mayor\u00eda ind\u00edgenas, carecen de agua potable, atenci\u00f3n sanitaria y escuelas decentes, y tienen un legado de contaminaci\u00f3n. La pregunta ahora es: \u00bfPuede Loreto planificar un futuro m\u00e1s all\u00e1 del petr\u00f3leo?\" \/>\n<meta name=\"twitter:image\" content=\"https:\/\/inquirefirst.org\/montanasyselva\/proyectos\/traces-of-oil\/wp-content\/uploads\/Stream-of-oil-flowing-into-Tigre-river-1995.jpg\" \/>\n<meta name=\"twitter:label1\" content=\"Est. reading time\" \/>\n\t<meta name=\"twitter:data1\" content=\"1 minute\" \/>\n<script type=\"application\/ld+json\" class=\"yoast-schema-graph\">{\"@context\":\"https:\\\/\\\/schema.org\",\"@graph\":[{\"@type\":\"WebPage\",\"@id\":\"https:\\\/\\\/inquirefirst.org\\\/montanasyselva\\\/proyectos\\\/traces-of-oil\\\/es\\\/\",\"url\":\"https:\\\/\\\/inquirefirst.org\\\/montanasyselva\\\/proyectos\\\/traces-of-oil\\\/es\\\/\",\"name\":\"Huellas del Petr\u00f3leo - Traces of oil in the peruvian amazon\",\"isPartOf\":{\"@id\":\"https:\\\/\\\/inquirefirst.org\\\/montanasyselva\\\/proyectos\\\/traces-of-oil\\\/#website\"},\"datePublished\":\"2022-06-29T16:47:24+00:00\",\"dateModified\":\"2022-07-18T23:44:36+00:00\",\"breadcrumb\":{\"@id\":\"https:\\\/\\\/inquirefirst.org\\\/montanasyselva\\\/proyectos\\\/traces-of-oil\\\/es\\\/#breadcrumb\"},\"inLanguage\":\"en-US\",\"potentialAction\":[{\"@type\":\"ReadAction\",\"target\":[\"https:\\\/\\\/inquirefirst.org\\\/montanasyselva\\\/proyectos\\\/traces-of-oil\\\/es\\\/\"]}]},{\"@type\":\"BreadcrumbList\",\"@id\":\"https:\\\/\\\/inquirefirst.org\\\/montanasyselva\\\/proyectos\\\/traces-of-oil\\\/es\\\/#breadcrumb\",\"itemListElement\":[{\"@type\":\"ListItem\",\"position\":1,\"name\":\"Traces of Oil\",\"item\":\"https:\\\/\\\/inquirefirst.org\\\/montanasyselva\\\/proyectos\\\/traces-of-oil\\\/en\\\/\"},{\"@type\":\"ListItem\",\"position\":2,\"name\":\"Huellas del Petr\u00f3leo\"}]},{\"@type\":\"WebSite\",\"@id\":\"https:\\\/\\\/inquirefirst.org\\\/montanasyselva\\\/proyectos\\\/traces-of-oil\\\/#website\",\"url\":\"https:\\\/\\\/inquirefirst.org\\\/montanasyselva\\\/proyectos\\\/traces-of-oil\\\/\",\"name\":\"Traces of oil in the peruvian amazon\",\"description\":\"\",\"publisher\":{\"@id\":\"https:\\\/\\\/inquirefirst.org\\\/montanasyselva\\\/proyectos\\\/traces-of-oil\\\/#organization\"},\"potentialAction\":[{\"@type\":\"SearchAction\",\"target\":{\"@type\":\"EntryPoint\",\"urlTemplate\":\"https:\\\/\\\/inquirefirst.org\\\/montanasyselva\\\/proyectos\\\/traces-of-oil\\\/?s={search_term_string}\"},\"query-input\":{\"@type\":\"PropertyValueSpecification\",\"valueRequired\":true,\"valueName\":\"search_term_string\"}}],\"inLanguage\":\"en-US\"},{\"@type\":\"Organization\",\"@id\":\"https:\\\/\\\/inquirefirst.org\\\/montanasyselva\\\/proyectos\\\/traces-of-oil\\\/#organization\",\"name\":\"Traces of oil in the peruvian amazon\",\"url\":\"https:\\\/\\\/inquirefirst.org\\\/montanasyselva\\\/proyectos\\\/traces-of-oil\\\/\",\"logo\":{\"@type\":\"ImageObject\",\"inLanguage\":\"en-US\",\"@id\":\"https:\\\/\\\/inquirefirst.org\\\/montanasyselva\\\/proyectos\\\/traces-of-oil\\\/#\\\/schema\\\/logo\\\/image\\\/\",\"url\":\"https:\\\/\\\/inquirefirst.org\\\/montanasyselva\\\/proyectos\\\/traces-of-oil\\\/wp-content\\\/uploads\\\/Montanas-y-Selva-tagline.png\",\"contentUrl\":\"https:\\\/\\\/inquirefirst.org\\\/montanasyselva\\\/proyectos\\\/traces-of-oil\\\/wp-content\\\/uploads\\\/Montanas-y-Selva-tagline.png\",\"width\":900,\"height\":302,\"caption\":\"Traces of oil in the peruvian amazon\"},\"image\":{\"@id\":\"https:\\\/\\\/inquirefirst.org\\\/montanasyselva\\\/proyectos\\\/traces-of-oil\\\/#\\\/schema\\\/logo\\\/image\\\/\"}}]}<\/script>\n<!-- \/ Yoast SEO plugin. -->","yoast_head_json":{"title":"Huellas del Petr\u00f3leo - Traces of oil in the peruvian amazon","robots":{"index":"index","follow":"follow","max-snippet":"max-snippet:-1","max-image-preview":"max-image-preview:large","max-video-preview":"max-video-preview:-1"},"canonical":"https:\/\/inquirefirst.org\/montanasyselva\/proyectos\/traces-of-oil\/es\/","og_locale":"en_US","og_type":"article","og_title":"Huellas del Petr\u00f3leo en la Amazon\u00eda Peruana","og_description":"En la d\u00e9cada de los 70, el auge del petr\u00f3leo en la regi\u00f3n de Loreto, al noreste de Per\u00fa, fue anunciado como el camino hacia el desarrollo. Medio siglo despu\u00e9s, las comunidades de la zona, en su mayor\u00eda ind\u00edgenas, carecen de agua potable, atenci\u00f3n sanitaria y escuelas decentes, y tienen un legado de contaminaci\u00f3n. La pregunta ahora es: \u00bfPuede Loreto planificar un futuro m\u00e1s all\u00e1 del petr\u00f3leo?","og_url":"https:\/\/inquirefirst.org\/montanasyselva\/proyectos\/traces-of-oil\/es\/","og_site_name":"Traces of oil in the peruvian amazon","article_modified_time":"2022-07-18T23:44:36+00:00","og_image":[{"width":1500,"height":900,"url":"https:\/\/inquirefirst.org\/montanasyselva\/proyectos\/traces-of-oil\/wp-content\/uploads\/Stream-of-oil-flowing-into-Tigre-river-1995.jpg","type":"image\/jpeg"}],"twitter_card":"summary_large_image","twitter_title":"Huellas del Petr\u00f3leo en la Amazon\u00eda Peruana","twitter_description":"En la d\u00e9cada de los 70, el auge del petr\u00f3leo en la regi\u00f3n de Loreto, al noreste de Per\u00fa, fue anunciado como el camino hacia el desarrollo. Medio siglo despu\u00e9s, las comunidades de la zona, en su mayor\u00eda ind\u00edgenas, carecen de agua potable, atenci\u00f3n sanitaria y escuelas decentes, y tienen un legado de contaminaci\u00f3n. La pregunta ahora es: \u00bfPuede Loreto planificar un futuro m\u00e1s all\u00e1 del petr\u00f3leo?","twitter_image":"https:\/\/inquirefirst.org\/montanasyselva\/proyectos\/traces-of-oil\/wp-content\/uploads\/Stream-of-oil-flowing-into-Tigre-river-1995.jpg","twitter_misc":{"Est. reading time":"1 minute"},"schema":{"@context":"https:\/\/schema.org","@graph":[{"@type":"WebPage","@id":"https:\/\/inquirefirst.org\/montanasyselva\/proyectos\/traces-of-oil\/es\/","url":"https:\/\/inquirefirst.org\/montanasyselva\/proyectos\/traces-of-oil\/es\/","name":"Huellas del Petr\u00f3leo - Traces of oil in the peruvian amazon","isPartOf":{"@id":"https:\/\/inquirefirst.org\/montanasyselva\/proyectos\/traces-of-oil\/#website"},"datePublished":"2022-06-29T16:47:24+00:00","dateModified":"2022-07-18T23:44:36+00:00","breadcrumb":{"@id":"https:\/\/inquirefirst.org\/montanasyselva\/proyectos\/traces-of-oil\/es\/#breadcrumb"},"inLanguage":"en-US","potentialAction":[{"@type":"ReadAction","target":["https:\/\/inquirefirst.org\/montanasyselva\/proyectos\/traces-of-oil\/es\/"]}]},{"@type":"BreadcrumbList","@id":"https:\/\/inquirefirst.org\/montanasyselva\/proyectos\/traces-of-oil\/es\/#breadcrumb","itemListElement":[{"@type":"ListItem","position":1,"name":"Traces of Oil","item":"https:\/\/inquirefirst.org\/montanasyselva\/proyectos\/traces-of-oil\/en\/"},{"@type":"ListItem","position":2,"name":"Huellas del Petr\u00f3leo"}]},{"@type":"WebSite","@id":"https:\/\/inquirefirst.org\/montanasyselva\/proyectos\/traces-of-oil\/#website","url":"https:\/\/inquirefirst.org\/montanasyselva\/proyectos\/traces-of-oil\/","name":"Traces of oil in the peruvian amazon","description":"","publisher":{"@id":"https:\/\/inquirefirst.org\/montanasyselva\/proyectos\/traces-of-oil\/#organization"},"potentialAction":[{"@type":"SearchAction","target":{"@type":"EntryPoint","urlTemplate":"https:\/\/inquirefirst.org\/montanasyselva\/proyectos\/traces-of-oil\/?s={search_term_string}"},"query-input":{"@type":"PropertyValueSpecification","valueRequired":true,"valueName":"search_term_string"}}],"inLanguage":"en-US"},{"@type":"Organization","@id":"https:\/\/inquirefirst.org\/montanasyselva\/proyectos\/traces-of-oil\/#organization","name":"Traces of oil in the peruvian amazon","url":"https:\/\/inquirefirst.org\/montanasyselva\/proyectos\/traces-of-oil\/","logo":{"@type":"ImageObject","inLanguage":"en-US","@id":"https:\/\/inquirefirst.org\/montanasyselva\/proyectos\/traces-of-oil\/#\/schema\/logo\/image\/","url":"https:\/\/inquirefirst.org\/montanasyselva\/proyectos\/traces-of-oil\/wp-content\/uploads\/Montanas-y-Selva-tagline.png","contentUrl":"https:\/\/inquirefirst.org\/montanasyselva\/proyectos\/traces-of-oil\/wp-content\/uploads\/Montanas-y-Selva-tagline.png","width":900,"height":302,"caption":"Traces of oil in the peruvian amazon"},"image":{"@id":"https:\/\/inquirefirst.org\/montanasyselva\/proyectos\/traces-of-oil\/#\/schema\/logo\/image\/"}}]}},"_links":{"self":[{"href":"https:\/\/inquirefirst.org\/montanasyselva\/proyectos\/traces-of-oil\/wp-json\/wp\/v2\/pages\/4668","targetHints":{"allow":["GET"]}}],"collection":[{"href":"https:\/\/inquirefirst.org\/montanasyselva\/proyectos\/traces-of-oil\/wp-json\/wp\/v2\/pages"}],"about":[{"href":"https:\/\/inquirefirst.org\/montanasyselva\/proyectos\/traces-of-oil\/wp-json\/wp\/v2\/types\/page"}],"author":[{"embeddable":true,"href":"https:\/\/inquirefirst.org\/montanasyselva\/proyectos\/traces-of-oil\/wp-json\/wp\/v2\/users\/1"}],"replies":[{"embeddable":true,"href":"https:\/\/inquirefirst.org\/montanasyselva\/proyectos\/traces-of-oil\/wp-json\/wp\/v2\/comments?post=4668"}],"version-history":[{"count":0,"href":"https:\/\/inquirefirst.org\/montanasyselva\/proyectos\/traces-of-oil\/wp-json\/wp\/v2\/pages\/4668\/revisions"}],"wp:attachment":[{"href":"https:\/\/inquirefirst.org\/montanasyselva\/proyectos\/traces-of-oil\/wp-json\/wp\/v2\/media?parent=4668"}],"curies":[{"name":"wp","href":"https:\/\/api.w.org\/{rel}","templated":true}]}}